6*c - 266. Let j be a(-45). Suppose 0 = -j*h + 40 - 20. Let w(z) = z + 2. Give w(h).
7
Let q(b) = -721*b + 3597. Let p be q(5). Let x(k) = k**2 + 7*k - 18. What is x(p)?
-10
Let p be -3 - 3/(-3) - -11. Suppose 7 = 8*b - p. Let c(y) = 6 - y + 12*y**2 - 5*y**b - 6*y**2 + 1. Determine c(0).
7
Let h(p) = -17*p + 3. Let l = -2006 + 2005. Calculate h(l).
20
Let n = 10873/2 - 5434. Let b(j) be the first derivative of -19 + n*j**2 - j - 1/3*j**3. Calculate b(4).
3
Let d(m) = 2*m + 2*m - 16 - 5*m. Let l(t) = t + 1. Let s(z) = -2*z. Let y(w) = -4*l(w) - 3*s(w). Let c be y(-2). Determine d(c).
-8
Let l(u) = 3*u**3 + u**2 - 2 - 3*u**2 + 0*u**2 - 2*u. Let d(j) = -j**3 - 49*j**2 + 79*j + 1448. Let p be d(-50). Give l(p).
-30
Let s(g) be the first derivative of g**4/4 + 5*g**3/3 - 2*g**2 - 3*g + 84. Suppose 6*x + 12 = -24. Give s(x).
-15
Suppose -n - 2*n + 1 = -2*x, -n + 4*x = 13. Let m(g) be the third derivative of -1/15*g**5 - 1/6*g**3 + 0 + 1/12*g**4 + g**2 + 1/120*g**6 + 0*g. Give m(n).
-4
Let x be -12 + -9 + 7 - -12. Let a(q) = -q**3 + 2*q**2 + 5*q + 3. Determine a(x).
9
Let i(v) = 3*v**2 - 2*v - 5 + 2 + v**3 + 0*v. Let c = -906 - -681. Let n be 30/c - (-174)/(-45). Determine i(n).
-11
Let z(c) = -6*c**2 - 5*c + 13*c + 10*c - 19*c. Let i be 10/(-45) - 14/18. Give z(i).
-5
Let o(m) be the third derivative of 40*m**2 + 0*m - 1 + 2/3*m**3 + 1/8*m**4 + 1/60*m**5. Determine o(-4).
8
Let j(q) = -74*q + 310*q - 76*q - 76*q - 63 - 77*q. What is j(8)?
-7
Let f = 206 - 204. Let r(d) = -2*d**2 + 3*d**2 + 2*d**2 + d - d**f - 11*d**3. Determine r(-1).
12
Let m(z) be the first derivative of 1/4*z**4 - 1/3*z**3 + 7 + 10*z + 1/2*z**2. Suppose 0*o + 2*c = o - 8, 4*o - 3*c = 12. Give m(o).
10
Let g(k) be the third derivative of 17*k + k**2 - 7/24*k**4 - 1/60*k**5 + 0 - 7/6*k**3. What is g(-4)?
5
Let c = -28 - -28. Let j(y) = 1 + 62*y - 64*y + c. Let v = 8 + -6. Calculate j(v).
-3
Let i(q) = q**2 + 14 + 0*q**2 - 2*q**2 - 21*q - 31 - 11. Determine i(-20).
-8
Let k = 2338 + -2332. Let n(c) = -c**3 + 6*c**2 + 4. Give n(k).
4
Let j(l) = l + 2. Let h be (5 + -1)*117/18. Suppose -4*g + h = -2*k, -k - 29 = 4*k - g. Let z(n) = 2*n + 14. Let b be z(k). Determine j(b).
6
Suppose 663*f - 292*f - 326*f + 720 = 0. Let m(u) = u**3 + 16*u**2 - 5*u - 87. What is m(f)?
-7
Let r(f) = 15*f + 12*f - 49*f + f**2 + 11*f + 18*f - 16. Give r(-8).
-8
Let p(s) be the first derivative of 6*s**2 - 66*s + 33. Give p(7).
18
Suppose -5*g + 2*x = -185, g + 132*x = 136*x + 55. Let h(f) be the second derivative of 0 - f**2 - 1/3*f**3 - g*f. What is h(4)?
-10
Let j = -83 + 86. Let g(w) = -4*w - j*w + 11*w - 5*w - 14. Calculate g(-6).
-8
Let h(r) = -7*r**2 + 17*r - 9. Let c(w) be the first derivative of w**3 - 9*w**2/2 + 5*w - 63. Let j(d) = 9*c(d) + 4*h(d). Determine j(-14).
-5
Let w = 169915/6 + -28319. Let r(i) be the second derivative of -25*i + 0 - 7*i**2 - w*i**3. Give r(-6).
-8
Let j(x) = 7*x**3 - 2*x - 1. Let b = -30 - -32. Suppose -b*v - 4 = 0, 2*i - 1 = 4*v + 5. What is j(i)?
-6
Let j(a) = -22*a - 12. Suppose 3*x = -2*o - 28, 2*o - 4 = x - 8. Determine j(o).
98
Let v(u) = -19*u**2 + 13*u - 44. Let o(p) = 51*p**2 - 39*p + 131. Let q(a) = 3*o(a) + 8*v(a). What is q(9)?
5
Let a(t) = 5*t**2 - 11*t - 7. Let r(s) = -2*s + 76. Let w be r(36). Let h(i) = -6*i**2 + 13*i + 8. Let p(y) = w*h(y) + 5*a(y). Give p(3).
-3
Let p(h) be the third derivative of -h**4/24 - 19*h**3/6 + 2*h**2 - 28*h. What is p(-9)?
-10
Let u(p) = -p**2 + 28*p + 829. Let k be u(-18). Let j = 2 + 0. Let m(s) = s + 1 + s - j. Determine m(k).
1
Let j = 7 + -4. Let a(t) be the first derivative of t**2/2 + t - 4834. Determine a(j).
4
Let q(w) be the third derivative of -w**5/60 - 7*w**4/8 + 32*w**3 + 1011*w**2 + 2*w. Determine q(-28).
-4
Let d(l) = l**3 + 11*l**2 + 15*l - 39. Let f(b) = -b**3 - 75*b**2 + 81*b + 371. Let c be f(-76). Determine d(c).
-12
Let a(q) = 19 + 0*q**2 - 1 - 4*q**2 - 2 - 19. Calculate a(4).
-67
Let l(t) = 3*t**2. Suppose g - 9 = -5, -4*o + 4*g - 8 = 0. Suppose o*b - 13 = -5*h, -2*h = 3*h - 3*b + 7. Determine l(h).
3
Let d(f) = -f**2 - 2*f - 6. Let g(u) = 4*u**2 - 8*u - 316. Let z be g(10). Calculate d(z).
-30
Let d(m) = -5*m - 1. Let o(c) = -7*c - 2. Let j be 0 + 2/(40/(-12))*-5. Let a(v) = j*d(v) - 2*o(v). What is a(4)?
-3
Let p(s) = 2*s - 11. Let i = -126 - -138. Let m be ((-6)/i - -1)/(3/30). Determine p(m).
-1
Let b(t) be the first derivative of t**3/6 + 2*t**2 + 193*t + 182. Let w(l) be the first derivative of b(l). Determine w(-4).
0
Let b(o) = 15*o**2 + 2*o. Let r(t) = 59*t**2 - 24*t + 114. Let u(x) = 4*b(x) - r(x). Determine u(-35).
-9
Let w(l) = -l**2 + 5*l - 9. Let a be -4 - (7/21 + 62/(-6)). Suppose -t - a*y + y = 19, 0 = -2*t - y + 7. Give w(t).
-15
Let n(k) be the second derivative of -k**6/720 + k**5/24 + 3*k**4/2 - 2*k**2 - 65*k. Let p(h) be the third derivative of n(h). Calculate p(14).
-9
Let u(s) = s**3 - 2*s**2 + s - 1. Let k(h) = -22*h**3 + 6*h**2 - 3*h + 4. Let w(m) = -k(m) - 4*u(m). What is w(1)?
19
Let n(b) = 5*b**2 + 9816*b**3 + 0 - 2*b**2 - 9815*b**3 + 4 + 4*b. What is n(-2)?
0
Let a(t) = -13*t. Suppose 124*h = 115*h + 18. Suppose -4*l + 3 = -5*x, x - h*l + 6*l = 9. Determine a(x).
-13
Let m = -26187 - -26188. Let n(r) = -12*r + 3. Determine n(m).
-9
Let l be 3/3 + 5 + 0. Let u(i) = 12 - 2 + 18988799*i - 18988800*i. What is u(l)?
4
Let g(t) = 3*t**3 + 11*t**2 - 6*t - 15. Let d(p) = 8*p**3 + 33*p**2 - 18*p - 49. Let v(l) = 4*d(l) - 11*g(l). Give v(10).
9
Let o = 184 - 167. Let b(z) = -o*z + 20*z + 3 - 10*z. Determine b(4).
-25
Let q(n) = -2*n - 21 + 5*n + 46 - n + 2*n. Calculate q(-7).
-3
Let g be 14/2 - (76 - 69). Let s(q) = q**3 - q**2 + 2. Give s(g).
2
Let w(n) = -18*n + 20. Let d = 30059 + -30051. Give w(d).
-124
Let r be ((-208)/(-176))/13 + (-18)/(-44). Let u(y) be the first derivative of r*y**2 + y + 3. Give u(-1).
0
Let j(r) be the first derivative of -31*r**2/2 + 99*r - 12674. Determine j(4).
-25
Let o = 1824 + -941. Let u(q) = -q**3 + q**3 - 885*q - 8*q**2 + o*q - 10 - q**3. What is u(-8)?
6
Let h(i) = 3*i**2 + 65*i + 65. Let v(a) = 2*a**2 + 48*a + 43. Let x(j) = -5*h(j) + 7*v(j). Determine x(6).
6
Let l be (18/4)/(3/4). Let g(w) be the third derivative of w**5/60 - w**4/4 + 3*w**3/2 - 2*w**2 + 11*w - 30. What is g(l)?
9
Let s(q) = 31 + 37 - 105 - 3*q + 39. Let v(f) = -7*f + 3. Let i(u) = 9*s(u) - 4*v(u). Determine i(0).
6
Let q(s) = -s**2 + 20*s - 88. Let z(l) = -l**3 - 5*l**2 + 48*l - 14. Let o be z(-10). Let t be q(o). Let i(g) = g**3 + 5*g**2 + 3*g - 6. What is i(t)?
-2
Let i(f) = -f**2 + 5*f - 3. Let v = 34 - 37. Let s be (-1)/v*270/10. Suppose 0 = -h + 2*l + 5, -3*h + 4*l + 6 = -s. Give i(h).
-3
Let b(k) = -4*k**2 + 3*k + 45. Let j be (99*21/924)/((-3)/8). Calculate b(j).
-117
Let h(t) be the second derivative of 1/4*t**4 + 0 - 2/3*t**3 + 135*t + 3/2*t**2. Give h(3).
18
Suppose 27*b + 39 = -96. Let m(t) be the second derivative of 1/6*t**3 + 0 - 3*t + 7/2*t**2. Give m(b).
2
Let n(f) = -f**3 - 4*f**2 - 1. Let c(o) = 2*o**3 + 6*o**2 + 3. Let q(h) = -3*c(h) - 5*n(h). Suppose 2*j = -x + 2, -3*x + 6 = -6*x. Calculate q(j).
-4
Let s(g) = -g - 24. Suppose -385*a + 48*a - 1093 - 1603 = 0. What is s(a)?
-16
Let w(f) = -51*f + 79. Let o be w(2). Let i(r) = -3*r - 73. Determine i(o).
-4
Let t(x) = -x**2 - 6*x - 3. Let i(a) = a - 6. Let h be i(22). Suppose 0 = -h*b - 29 - 51. Calculate t(b).
2
Let l = 17 - 24. Suppose -50 = 4*u - 9*u. Let q(z) = z**2 - u + z**3 + 5*z - 11*z**2 + 8*z**2 + 10*z**2. Calculate q(l).
4
Let o be -7 - (27/(-4) - (-1)/(-4)). Let z(b) be the second derivative of -b**3/3 + 3*b**2 - 9*b. Determine z(o).
6
Let w be 1412*(114/209 - 2/44). Suppose w = -4*m + 754. Let y(g) = g**3 - 12*g**2 + 2*g - 22. Determine y(m).
2
Let v(i) = -2 + 199*i**2 - 19 + 3 + 21*i - 195*i**2. What is v(-6)?
0
Let b(i) = -i + 1. Suppose 0 = 3*z - 3*c - 15, 0*c = z + 4*c - 5. Suppose 0 = -z*a - 37 + 22. Give b(a).
4
Let j(d) be the second derivative of -77*d**3/3 + 535*d**2 - 14412*d. Calculate j(7).
-8
Suppose -5397 = 4*m - 5317. Let x(a) = a + 6. Calculate x(m).
-14
Let g(x) = -13*x**3 - 71*x**2 - 31*x - 1. Let y(n) = -n**3 - 7*n**2 - 3*n. Let p(h) = g(h) - 10*y(h). Calculate p(-1).
2
Suppose -2*n = n - 9. Suppose 0 = -n*f + 2*x, x + 12 = 3*f + 3*x. Suppose f + 1 = -y. Let c(k) = k**3 + 2